k**2 - 2*k + 2. Does 7 divide s(-14)?
False
Suppose 0 = -10*k + 8*k + 210. Suppose -m = 3*w - 330, 2*m = -w - 0*m + k. Is 28 a factor of w?
False
Suppose 3*r + 3*u - 14 = -2*u, -4*u + 12 = 2*r. Let k(x) = 21*x**2 + 3*x + 5. Is k(r) a multiple of 21?
False
Suppose x + 250 = 6*x. Is x a multiple of 15?
False
Let b = 73 + -69. Is b a multiple of 2?
True
Is (-2)/6 - ((-1670)/6 - 4) a multiple of 47?
True
Suppose -3*q - 5*m = -87, -q + 3*m + 20 = -9. Suppose 10 = -3*y - 2*z, -4 + q = 3*y - 5*z. Suppose 3*b + 2*i + 0*i - 73 = y, 5*i = -2*b + 45. Does 20 divide b?
False
Suppose -6*p = -9*p + 66. Is p a multiple of 14?
False
Let q = -1 + -4. Is 1/q + 182/35 a multiple of 2?
False
Suppose -4*k = -2*v - 10, -5*v + 11 + 24 = 5*k. Suppose -v*c + 169 = -5. Does 18 divide c?
False
Let b(p) be the second derivative of -1/12*p**4 - p**3 + 0 + p**2 - 2*p. Is 6 a factor of b(-4)?
False
Let b be (72/(-15))/((-3)/(-10)). Is (-1)/((-2)/b*-1) a multiple of 4?
True
Let f = -12 + 37. Does 20 divide f?
False
Let k(z) = -z**2 + 2. Suppose 2*d - 5*m - 4 = 0, 4*d - 8 = 8*d - 2*m. Let q be k(d). Let g = -5 - q. Is g even?
True
Let q(w) = -w**3 + 6*w**2 + 6*w - 6. Let l be q(6). Is 3 a factor of l/24*(-8)/(-2)?
False
Let b(u) = 11*u - 4. Let n(l) = -l**2 - 6*l + 1. Let f be n(-5). Is 21 a factor of b(f)?
False
Let l(w) = 3 + 0*w - 47*w**2 + 3 - 5 - w. Let f be l(1). Let g = f + 69. Does 21 divide g?
False
Let g(r) = 3*r**2 + 3*r + 5. Let w be g(4). Is 9 a factor of (-1 + (3 - w))/(-1)?
True
Let n(z) = 5*z**2 + 14*z - 27. Let t(y) = -2*y**2 - 7*y + 13. Let f(o) = -3*n(o) - 7*t(o). Let c be f(7). Let j = 21 + c. Does 4 divide j?
False
Suppose 5*x - 256 = x. Let u = -43 + x. Is 21 a factor of u?
True
Let m(g) = 3*g**2 - 5*g + 3. Is 44 a factor of m(8)?
False
Does 7 divide 28 - (-2)/(-1 - 1)?
False
Suppose -3*d - 180 = -7*d. Let m = d + -27. Is 9 a factor of m?
True
Suppose 5*a + 22 = 87. Does 8 divide 4*(-4)/(-16)*a?
False
Let m = 31 - 7. Does 8 divide (m/14)/((-4)/(-28))?
False
Let p = 1 + -2. Let n be p*(-1 + 1)/(-2). Suppose n = 2*f - 24. Is 8 a factor of f?
False
Suppose 4*v + 0*b - 449 = 5*b, -4*b = 2*v - 244. Is v a multiple of 26?
False
Let h be (15/(-9))/(1/(-21)). Is 3/12 + h/4 a multiple of 9?
True
Let g = -4 - -4. Let c(v) = -v + 5. Is 3 a factor of c(g)?
False
Suppose i = 5*s - 3*s - 36, -2*i + 8 = s. Does 8 divide s?
True
Let o = 179 + -127. Is o a multiple of 26?
True
Let a = -9 - -18. Suppose -2*f - f + a = 0. Suppose 16 = 5*g - f*u, -3 = 4*u - 15. Is g even?
False
Let k be (23 - 4)*(1 + 1). Let l be -3 + 2/2 + k. Is 12 a factor of 8/l + (-212)/(-18)?
True
Let p = 16 + -51. Let z = 49 + p. Is 7 a factor of z?
True
Suppose 3*v + 5 = -13. Let i be (2 + v)/(2 - 0). Is 14 a factor of (-2 + -3)/(i/6)?
False
Suppose 40 = 19*h - 24*h. Does 2 divide 18*((-4)/1)/h?
False
Let u = 2 + -8. Let x = 10 + u. Is x a multiple of 3?
False
Let v(h) = -h**2 - 5*h + 2. Let u be v(-6). Let l = u - -4. Suppose l = 3*y - 2*y - 48. Does 17 divide y?
False
Let b(v) = 10*v**2 - 1. Let r be b(1). Let q be 12/8*564/r. Suppose 0 = 3*a - w - q, 3*a - 4*w - 84 = -w. Is 12 a factor of a?
False
Suppose -5*f = -0 - 20. Suppose 2*n + 10 = 3*k, 4*k - f*n - 7 = 9. Does 2 divide k?
True
Let m = -47 + 81. Let w = m - -76. Suppose -5*p + w = -0*p. Does 11 divide p?
True
Let j be 1 + (1 - 2)/1. Let a be (9 - 10)/((-2)/4). Suppose a*i - i - 10 = j. Is 7 a factor of i?
False
Let b(c) be the first derivative of -c**4/4 + c**3/3 - 3. Let k be b(-5). Suppose -3*u + k = -0*u. Is 17 a factor of u?
False
Suppose 2*d + 0*i = -i - 32, -16 = 4*i. Let u = d + 34. Is u a multiple of 20?
True
Suppose 350 = 3*d + 2*d. Does 14 divide d?
True
Suppose -2*s + 181 = -37. Let z = s - 55. Does 14 divide z?
False
Let a(y) = 2*y**2 + 8*y - 6. Let v be 1/(26/14 - 2). Does 18 divide a(v)?
True
Let p be 1 - 2 - (0 + 1). Let s(z) = z**2. Let d be s(p). Suppose d*b - 40 = -3*h - 13, -3*h - 27 = -2*b. Is b a multiple of 9?
True
Is ((-16)/(-10))/((-16)/(-200)) + 0 a multiple of 20?
True
Let c = 36 + 21. Does 19 divide c?
True
Let b(v) = v**2 + 5*v + 19. Let k(w) = w**2 + 6*w + 20. Let m(i) = 7*b(i) - 6*k(i). Is 4 a factor of m(0)?
False
Suppose 0 = -3*w + 1194 - 123. Is 1/4 - w/(-12) a multiple of 15?
True
Suppose -s + 3 = -22. Let t = -6 + s. Does 19 divide t?
True
Let t(a) = -12*a - 3. Is 9 a factor of t(-1)?
True
Let x(h) = -h**3 + 6*h**2 - h + 6. Let j be x(6). Suppose j = 7*f - f - 36. Does 4 divide f?
False
Suppose 0 = -2*x + 4*x. Suppose -2*n + 3 + 3 = x. Suppose -n*r + 109 = -29. Is 23 a factor of r?
True
Let f(g) be the second derivative of 2*g**3/3 - 9*g**2/2 + g. Let r be f(6). Let w = r + -9. Does 4 divide w?
False
Let x be -14 - 16 - (-5 + 1). Let u = 86 + x. Is u a multiple of 20?
True
Suppose 183 = -6*b + 771. Is b a multiple of 14?
True
Let z(a) = -50*a - 10. Let o be z(-9). Suppose -5*m + 3*j + 772 = 0, -4*m + m - 4*j + o = 0. Let t = m - 107. Does 18 divide t?
False
Let y(l) = l. Let f(c) = 2*c**2 + 6*c + 2. Let b(q) = f(q) - 3*y(q). Let x = -3 + 6. Is 10 a factor of b(x)?
False
Let r = 17 - 10. Let h be 2/r - 52/(-14). Suppose h*v - 2*y - 40 = 2*y, 2 = -2*y. Is v a multiple of 5?
False
Is (14/(-21))/(2/(-177)) a multiple of 6?
False
Suppose -l + 4 = 0, -2*w - 2*w + 2*l = 176. Let d = w + 76. Does 10 divide d?
False
Suppose -d + 224 = -4*q, -2*q = -7*q - 10. Is 18 a factor of ((-12)/16)/((-3)/d)?
True
Let g be (-6)/(-4)*(-6)/(-9). Does 16 divide 44/(g*(3 + -1))?
False
Let n = 16 - 6. Let l(z) = z**3 + 4*z**2 + z - 2. Let a be l(-3). Does 5 divide a/n + (-146)/(-10)?
True
Let g(k) = -k**3 + 9*k**2 - 2*k + 13. Let i be g(9). Is 15 a factor of 3/i + (-426)/(-10)?
False
Let b(s) = s**3 + 5*s**2 + 2*s - 6. Does 2 divide b(-4)?
True
Let d(p) be the first derivative of 11*p**3/6 - p**2/2 - 2*p + 3. Let b(y) be the first derivative of d(y). Is b(1) a multiple of 5?
True
Let k(g) = g**3 - 11*g**2 + g + 16. Let p be k(11). Let v = -16 + p. Is v a multiple of 11?
True
Suppose 2*f + 0*f = 8. Does 12 divide -8*(-14)/f - 3?
False
Let i be 2/(-6) - (-408)/9. Let n = -89 + i. Is 16 a factor of 0 - (-1 + 2 + n)?
False
Let b(i) = i**3 - 13*i**2 + i - 6. Let d(l) = -4*l + 1. Let r be d(-3). Is b(r) even?
False
Let x be 0/((12/2)/3). Suppose x = -0*u - 2*u + 12. Is 3 a factor of u?
True
Let j(g) = -g**3 - 6*g**2 + 6*g - 9. Let i be j(-9). Suppose -i = -4*c + 5*r, -5*r + r = 5*c - 266. Is 17 a factor of c?
False
Let r(s) = -4*s**3 + s**2 + 4*s + 1. Let c(p) = -3*p**3 + 4*p + 1. Let b(w) = -3*c(w) + 2*r(w). Let f be b(-3). Is (-1)/(f - 5)*12 even?
True
Let t(j) = 16*j**3 - 5*j + 89. Let x(s) = -18 + s - 3*s**3 + 3*s - 3*s. Let o(z) = -2*t(z) - 11*x(z). Is 9 a factor of o(0)?
False
Let d(t) = -161*t - 1. Is 32 a factor of d(-1)?
True
Suppose 6*d = 2*d + 112. Does 7 divide d?
True
Let z(i) = 5*i**3 - 16*i**2 + 10*i + 8. Let j(r) = -r**3 + r**2. Let h(f) = 6*j(f) + z(f). Is h(-11) a multiple of 19?
True
Let k be (-3 + 4)/((-2)/(-186)). Suppose k = 3*w - 3*d, -4*w + 156 = -2*d + 22. Is 18 a factor of w?
True
Let n(p) = 5*p + 10 + p**2 + 2*p + 0. Suppose 3*s = 5*u - 17 - 9, 4*s + 5*u + 23 = 0. Does 8 divide n(s)?
False
Let x = 13 + -8. Suppose -6*f + 5*f + 5*o - 20 = 0, 0 = x*f - 3*o + 78. Is 4/(-10) + (-81)/f even?
False
Suppose 0 = -9*d - 260 + 1448. Does 11 divide d?
True
Let o(v) = -v**2 - 9*v - 8. Suppose -3*a + 2 = -7. Let z = a - 10. Does 4 divide o(z)?
False
Suppose 0 = -7*p + 2*p + 10. Suppose 0 = -3*l - v + 31, p*l - 3*v = -l + 27. Is 10 a factor of l?
True
Let v be (-3)/9*(-2 - 4). Let d be 1 - -3 - v*1. Suppose 2*n - 3*n + d*w = -26, -5*n - 5*w + 100 = 0. Does 11 divide n?
True
Suppose x = 5*k - 192, 6*k - 2*k - 3*x - 158 = 0. Suppose 5*i + 7 = -y, 2*y - i - 2*i - k = 0. Does 13 divide y?
True
Suppose 0 = -13*h - 64 + 649. Is 11 a factor of h?
False
Does 17 divide -4 + -2*147/(-6)?
False
Suppose -u = -2*u + 12. Is u a multiple of 6?
True
Let c be (4*3)/2 - 2. Let g be 15/c + 5/20. Let p = g + -2. Is p even?
True
Suppose -2*s - 158 = -x - 7*s, -5*s - 271 = -2*x. Let v = x - 98. Is 13 a factor of v?
False
Suppose 2*g - 4*g = 5*l - 101, 3 = 3*l. Is g a multiple of 24?
True
Suppose 0 = -4*g + 163 + 97. Is g a multiple of 12?
False
Suppose 5*v - 3*v - 8 = 0. Suppose a - 2*j - 3*j = -8, v*a + 2*j + 10 = 0. Is 2 + (a + 25 - 0) a mu